42659231519 prime?
True
Is 13487251399 composite?
False
Is 40082477 a composite number?
False
Is 190291895 a composite number?
True
Is 38827409 a composite number?
True
Is 7932945443 composite?
True
Is 99102041 a prime number?
True
Is 1376966683 composite?
True
Is 4794517199 a prime number?
False
Is 124779453889 prime?
True
Is 29776322063 a prime number?
True
Is 1263199079 a composite number?
False
Is 11193475193 a composite number?
True
Is 510551661 a composite number?
True
Is 400425371 prime?
True
Is 1787280863 composite?
False
Is 5905180147 composite?
True
Is 116006827 a prime number?
False
Is 19797995339 composite?
True
Is 28935178187 composite?
False
Is 2831122733 prime?
True
Is 6675843491 prime?
False
Is 17122288891 a prime number?
True
Is 31896587 a prime number?
False
Is 1941402109 prime?
True
Is 94954405517 a prime number?
True
Is 1784531087 a prime number?
True
Is 10110873221 prime?
True
Is 2259850377 composite?
True
Is 1931407867 a prime number?
True
Is 4288891859 a prime number?
False
Is 48066526 composite?
True
Is 3582059 prime?
False
Is 70011488167 a prime number?
True
Is 402203251 a prime number?
True
Is 4280757451 a composite number?
False
Is 2357270639 a prime number?
False
Is 8799254053 a prime number?
False
Is 2813935127 composite?
False
Is 5454705491 a prime number?
True
Is 2429277857 composite?
False
Is 45874681483 prime?
True
Is 6333982761 a prime number?
False
Is 17393883253 prime?
True
Is 4545781031 a composite number?
True
Is 145506913 a prime number?
True
Is 1201066943 a prime number?
False
Is 43573853 a composite number?
False
Is 2027312957 prime?
True
Is 3272468443 a composite number?
False
Is 1050272791 a composite number?
False
Is 2760289599 a composite number?
True
Is 100133984305 prime?
False
Is 1969567 prime?
True
Is 73789819 composite?
True
Is 23868423937 a prime number?
False
Is 11500062163 prime?
False
Is 22538729923 prime?
True
Is 354421 a composite number?
False
Is 886660349 a prime number?
False
Is 103190861 prime?
False
Is 128426203 a composite number?
True
Is 35328901 composite?
False
Is 1528047197 a prime number?
True
Is 4095857 a prime number?
True
Is 8307697319 a prime number?
True
Is 6547310603 a prime number?
True
Is 11923941479 prime?
True
Is 1141054829 composite?
True
Is 45558550727 prime?
False
Is 351758807 a composite number?
True
Is 465290809 a prime number?
True
Is 71685046549 composite?
False
Is 461716889 a prime number?
False
Is 439016621 a composite number?
False
Is 524028599 prime?
True
Is 68360813 a composite number?
False
Is 67672781 composite?
True
Is 1976010782 a composite number?
True
Is 8642151839 a composite number?
False
Is 35611388339 a composite number?
True
Is 2082248299 composite?
False
Is 4729847127 prime?
False
Is 973804939 prime?
False
Is 2461635461 a prime number?
True
Is 634579559 a composite number?
False
Is 338142383 prime?
True
Is 14078419207 a composite number?
True
Is 602836727 prime?
True
Is 10955774443 composite?
True
Is 582298961 a composite number?
False
Is 140227394817 prime?
False
Is 3472559767 composite?
True
Is 3233954247 prime?
False
Is 1539408895 a prime number?
False
Is 1080491343 prime?
False
Is 3346842413 composite?
True
Is 513351457 a composite number?
False
Is 6341723 prime?
True
Is 1567234003 composite?
False
Is 275683823 composite?
True
Is 44895480793 a composite number?
True
Is 24747512149 a prime number?
True
Is 162871187 a prime number?
True
Is 170645155 a composite number?
True
Is 401163121 a prime number?
True
Is 1552804711 composite?
False
Is 18362410601 a composite number?
False
Is 2310480709 prime?
False
Is 1045298843 prime?
True
Is 6381450039 a composite number?
True
Is 45734856977 composite?
True
Is 4010411609 a prime number?
True
Is 294125189 a prime number?
True
Is 3840525893 prime?
True
Is 63076308793 a prime number?
False
Is 201285179 composite?
False
Is 697393729 a composite number?
True
Is 45034198631 prime?
False
Is 1847120885 prime?
False
Is 14128582189 a composite number?
False
Is 511502111 a composite number?
False
Is 362817835 composite?
True
Is 228274263395 a composite number?
True
Is 5435732503 a composite number?
False
Is 4464602243 prime?
False
Is 105187133 prime?
True
Is 57420599 prime?
False
Is 18393500383 a prime number?
False
Is 6871037179 a prime number?
True
Is 30198849157 composite?
False
Is 2005232221 a prime number?
True
Is 9225508723 a prime number?
True
Is 735850561 composite?
True
Is 393204947 a composite number?
True
Is 1632168589 composite?
True
Is 29332950137 composite?
True
Is 5382564917 a prime number?
True
Is 2227230349 a prime number?
False
Is 6812179683 prime?
False
Is 919114243 a prime number?
True
Is 5933205313 a composite number?
True
Is 4957700299 a composite number?
False
Is 2655366481 a composite number?
False
Is 3002823619 composite?
False
Is 734858477 a composite number?
False
Is 871853447 a composite number?
False
Is 2321023057 a prime number?
False
Is 76449889357 a composite number?
False
Is 9613978859 a prime number?
True
Is 7032239161 a prime number?
True
Is 3059805083 a prime number?
True
Is 8061260297 a composite number?
True
Is 2632268503 prime?
True
Is 1079526581 a composite number?
True
Is 59939198567 a composite number?
False
Is 13349777897 a composite number?
False
Is 4383222443 prime?
False
Is 24635049893 composite?
False
Is 2378332109 a prime number?
False
Is 139215726467 a composite number?
True
Is 14908468577 prime?
True
Is 1306247793 composite?
True
Is 1331915503 a prime number?
True
Is 5277959737 a prime number?
True
Is 924144731 a prime number?
True
Is 86277274127 composite?
True
Is 6537112691 prime?
False
Is 29463408111 composite?
True
Is 4729307497 prime?
True
Is 2191951417 a composite number?
True
Is 844039503907 composite?
False
Is 1613987731 a prime number?
True
Is 41073024197 prime?
True
Is 809505007 composite?
True
Is 616814054 prime?
False
Is 361494407 a prime number?
True
Is 660195241 prime?
False
Is 28762521409 prime?
False
Is 444905291 a prime number?
True
Is 135727519 a composite number?
False
Is 6591561391 a prime number?
False
Is 2326467653 a composite number?
False
Is 71709685 composite?
True
Is 21190626722 a prime number?
False
Is 48692477 a composite number?
True
Is 3244529777 a composite number?
False
Is 4932833077 a composite number?
False
Is 15946247657 prime?
False
Is 1818985921 prime?
True
Is 5059299641 composite?
True
Is 2010389 composite?
False
Is 274779101 a prime number?
False
Is 865646169 prime?
False
Is 31422972511 a composite number?
True
Is 4609440059 prime?
False
Is 58493557 a composite number?
False
Is 21618995381 a prime number?
True
Is 948618997 composite?
True
Is 770914853 prime?
True
Is 35520678539 a prime number?
True
Is 864782339 a composite number?
False
Is 16439556803 prime?
True
Is 5896434619 composite?
False
Is 12490269433 a composite number?
True
Is 512381999 a prime number?
False
Is 312235829 a composite number?
True
Is 26479213 composite?
False
Is 4700551517 a prime number?
True
Is 1571222797 a composite number?
True
Is 231815083 a prime number?
True
Is 1930652869 a composite number?
False
Is 6417854153 composite?
False
Is 3644786933 a composite number?
False
Is 127906246477 composite?
True
Is 2750363953 a prime number?
False
Is 9507817882 a composite number?
True
Is 32367475451 prime?
True
Is 379740563 a prime number?
True
Is 983758519 prime?
True
Is 139543833587 composite?
False
Is 510715199 a prime number?
True
Is 1319325769 a prime number?
True
Is 13120909763 a composite number?
True
Is 33923095727 a prime number?
False
Is 6531203219 a composite number?
True
Is 422495849 a prime number?
False
Is 9192939433 composite?
False
Is 58036578119 prime?
False
Is 152918221 prime?
True
Is 16941725237 prime?
True
Is 1202398971 prime?
False
Is 204135347 prime?
False
Is 216407327 composite?
True
Is 213054931 composite?
True
Is 6860016469 composite?
True
Is 1309369195 composite?
True
Is 199511719579 a composite number?
True
Is 5395037813 prime?
False
Is 23630294197 a composite number?
True
Is 1735363183 a composite number?
False
Is 15458377771 composite?
False
Is 583232033 prime?
True
Is 2314412923 a prime number?
True
Is 2756065993 composite?
True
Is 1224451726 composite?
True
Is 33497672119 a composite number?
False
Is 209349589 a composite